ided by 22188.
3
Calculate the remainder when 2670 is divided by 228.
162
What is the remainder when 34198 is divided by 19?
17
What is the remainder when 61024 is divided by 20224?
352
Calculate the remainder when 161056 is divided by 41.
8
Calculate the remainder when 10880 is divided by 6.
2
Calculate the remainder when 583 is divided by 241.
101
Calculate the remainder when 42363 is divided by 27.
0
Calculate the remainder when 176519 is divided by 88251.
17
Calculate the remainder when 47774 is divided by 735.
734
What is the remainder when 39785 is divided by 202?
193
What is the remainder when 3327 is divided by 199?
143
What is the remainder when 9928 is divided by 772?
664
What is the remainder when 26219 is divided by 92?
91
What is the remainder when 6738 is divided by 85?
23
Calculate the remainder when 4390 is divided by 255.
55
What is the remainder when 2215 is divided by 133?
87
What is the remainder when 64585 is divided by 1503?
1459
What is the remainder when 879888 is divided by 723?
720
What is the remainder when 615 is divided by 102?
3
Calculate the remainder when 149854 is divided by 1209.
1147
Calculate the remainder when 66500 is divided by 68.
64
Calculate the remainder when 1039 is divided by 302.
133
What is the remainder when 12631 is divided by 785?
71
Calculate the remainder when 3819 is divided by 3774.
45
What is the remainder when 41073 is divided by 13687?
12
Calculate the remainder when 375916 is divided by 53695.
51
What is the remainder when 16928 is divided by 186?
2
What is the remainder when 230730 is divided by 76900?
30
Calculate the remainder when 1713 is divided by 103.
65
What is the remainder when 305206 is divided by 1598?
1586
Calculate the remainder when 248537 is divided by 170.
167
Calculate the remainder when 60282 is divided by 20094.
0
Calculate the remainder when 68800 is divided by 334.
330
Calculate the remainder when 8010 is divided by 419.
49
What is the remainder when 3071 is divided by 441?
425
What is the remainder when 3908 is divided by 277?
30
Calculate the remainder when 855 is divided by 649.
206
What is the remainder when 65129 is divided by 10850?
29
Calculate the remainder when 15479 is divided by 59.
21
Calculate the remainder when 61193 is divided by 11.
0
Calculate the remainder when 6797 is divided by 57.
14
What is the remainder when 72 is divided by 29?
14
What is the remainder when 19682 is divided by 1?
0
What is the remainder when 1531856 is divided by 734?
732
Calculate the remainder when 26355 is divided by 1108.
871
What is the remainder when 823880 is divided by 7?
1
What is the remainder when 3864187 is divided by 147?
145
What is the remainder when 242666 is divided by 937?
920
What is the remainder when 697017 is divided by 232339?
0
Calculate the remainder when 781 is divided by 273.
235
What is the remainder when 49821 is divided by 169?
135
Calculate the remainder when 38910 is divided by 12943.
81
What is the remainder when 5345 is divided by 104?
41
Calculate the remainder when 529031 is divided by 16.
7
What is the remainder when 4869 is divided by 8?
5
Calculate the remainder when 502925 is divided by 769.
768
What is the remainder when 3627 is divided by 341?
217
What is the remainder when 84148 is divided by 1315?
1303
What is the remainder when 433 is divided by 46?
19
Calculate the remainder when 922286 is divided by 996.
986
Calculate the remainder when 5481 is divided by 1360.
41
What is the remainder when 143827 is divided by 53?
38
What is the remainder when 8083 is divided by 18?
1
What is the remainder when 88 is divided by 13?
10
Calculate the remainder when 14734 is divided by 590.
574
Calculate the remainder when 61755 is divided by 47.
44
What is the remainder when 8140 is divided by 281?
272
What is the remainder when 6043 is divided by 455?
128
Calculate the remainder when 73479 is divided by 11.
10
Calculate the remainder when 7428 is divided by 2219.
771
What is the remainder when 1414 is divided by 49?
42
What is the remainder when 17447 is divided by 3140?
1747
Calculate the remainder when 278 is divided by 112.
54
Calculate the remainder when 6390 is divided by 39.
33
What is the remainder when 2542 is divided by 98?
92
What is the remainder when 19506 is divided by 488?
474
Calculate the remainder when 327 is divided by 40.
7
What is the remainder when 4695 is divided by 52?
15
What is the remainder when 277222 is divided by 194?
190
What is the remainder when 414301 is divided by 352?
349
What is the remainder when 6098 is divided by 336?
50
What is the remainder when 816789 is divided by 44?
17
Calculate the remainder when 179091 is divided by 236.
203
Calculate the remainder when 268749 is divided by 528.
525
Calculate the remainder when 3812 is divided by 761.
7
Calculate the remainder when 3250 is divided by 1046.
112
Calculate the remainder when 277 is divided by 6.
1
What is the remainder when 72227 is divided by 155?
152
Calculate the remainder when 3110 is divided by 3089.
21
What is the remainder when 558972 is divided by 26?
24
Calculate the remainder when 10574 is divided by 558.
530
Calculate the remainder when 48460 is divided by 49.
48
Calculate the remainder when 150324 is divided by 624.
564
Calculate the remainder when 73188 is divided by 10455.
3
Calculate the remainder when 497294 is divided by 5347.
23
What is the remainder when 298277 is divided by 283?
278
Calculate the remainder when 10432 is divided by 5215.
2
Calculate the remainder when 88434 is divided by 43.
26
What is the remainder when 1632 is divided by 356?
208
What is the remainder when 11893775 is divided by 1192?
1191
What is the remainder when 924799 is divided by 12?
7
Calculate the remainder when 5916384 is divided by 1883.
1881
Calculate the remainder when 7169 is divided by 1756.
145
Calculate the remainder when 2070 is divided by 77.
68
Calculate the remainder when 38834 is divided by 45.
44
What is the remainder when 736802 is divided by 449?
442
What is the remainder when 6354 is divided by 330?
84
Calculate the remainder when 2579 is divided by 326.
297
Calculate the remainder when 85818 is divided by 499.
489
What is the remainder when 146494 is divided by 29289?
49
What is the remainder when 2972 is divided by 1459?
54
What is the remainder when 342 is divided by 95?
57
What is the remainder when 3958 is divided by 100?
58
What is the remainder when 7559 is divided by 1497?
74
What is the remainder when 16499 is divided by 30?
29
What is the remainder when 46728 is divided by 7779?
54
What is the remainder when 18466 is divided by 108?
106
Calculate the remainder when 21318 is divided by 87.
3
What is the remainder when 7140 is divided by 2297?
249
Calculate the remainder when 3083 is divided by 3068.
15
Calculate the remainder when 348933 is divided by 110.
13
Calculate the remainder when 9055 is divided by 2971.
142
What is the remainder when 21924 is divided by 102?
96
What is the remainder when 166 is divided by 112?
54
Calculate the remainder when 7967 is divided by 237.
146
Calculate the remainder when 124311 is divided by 74.
65
What is the remainder when 32669 is divided by 817?
806
What is the remainder when 4422 is divided by 2840?
1582
Calculate the remainder when 2659 is divided by 548.
467
What is the remainder when 1051 is divided by 645?
406
What is the remainder when 10032829 is divided by 362?
361
What is the remainder when 418 is divided by 29?
12
Calculate the remainder when 12838 is divided by 987.
7
What is the remainder when 1399 is divided by 40?
39
Calculate the remainder when 7682 is divided by 3838.
6
What is the remainder when 17024 is divided by 8505?
14
Calculate the remainder when 73975 is divided by 28.
27
What is the remainder when 62249 is divided by 3?
2
What is the remainder when 5663 is divided by 128?
31
Calculate the remainder when 329368 is divided by 128.
24
What is the remainder when 9698 is divided by 42?
38
What is the remainder when 351166 is divided by 1547?
1544
Calculate the remainder when 86610 is divided by 110.
40
What is the remainder when 248517 is divided by 327?
324
Calculate the remainder when 12321 is divided by 3677.
1290
What is the remainder when 7541993 is divided by 1